{"id":1612,"date":"2018-11-12T10:16:20","date_gmt":"2018-11-12T12:16:20","guid":{"rendered":"http:\/\/www.editorafigas.com.br\/revista\/?page_id=1612"},"modified":"2018-11-12T10:16:20","modified_gmt":"2018-11-12T12:16:20","slug":"figa404","status":"publish","type":"page","link":"http:\/\/www.editorafigas.com.br\/revista\/figa404\/","title":{"rendered":"figa404"},"content":{"rendered":"<h2>404 &#8211; endere\u00e7o n\u00e3o encontrado<\/h2>\n<p>\t\t\tUhm&#8230; parece que voc\u00ea est\u00e1 sem sorte&#8230;<br \/>\n\t\t\tMude essa mar\u00e9! <\/p>\n<p>V\u00e1 com<br \/>\n\t\t\t\t\t\t\t\t\t\t\t<a href=\"http:\/\/www.editorafigas.com.br\/revista\/\" data-elementor-open-lightbox=\"\"><br \/>\n\t\t\t\t\t\t\t<img loading=\"lazy\" decoding=\"async\" width=\"806\" height=\"216\" src=\"http:\/\/www.editorafigas.com.br\/revista\/wp-content\/uploads\/2018\/11\/figas.png\" alt=\"\" srcset=\"http:\/\/www.editorafigas.com.br\/revista\/wp-content\/uploads\/2018\/11\/figas.png 806w, http:\/\/www.editorafigas.com.br\/revista\/wp-content\/uploads\/2018\/11\/figas-300x80.png 300w, http:\/\/www.editorafigas.com.br\/revista\/wp-content\/uploads\/2018\/11\/figas-768x206.png 768w\" sizes=\"auto, (max-width: 806px) 100vw, 806px\" \/>\t\t\t\t\t\t\t\t<\/a><br \/>\n\t\t\t\t\t\t\t\t\t\t<img loading=\"lazy\" decoding=\"async\" width=\"1024\" height=\"568\" src=\"http:\/\/www.editorafigas.com.br\/revista\/wp-content\/uploads\/2018\/11\/404-1024x568.png\" alt=\"\" srcset=\"http:\/\/www.editorafigas.com.br\/revista\/wp-content\/uploads\/2018\/11\/404-1024x568.png 1024w, http:\/\/www.editorafigas.com.br\/revista\/wp-content\/uploads\/2018\/11\/404-300x166.png 300w, http:\/\/www.editorafigas.com.br\/revista\/wp-content\/uploads\/2018\/11\/404-768x426.png 768w\" sizes=\"auto, (max-width: 1024px) 100vw, 1024px\" \/><\/p>\n","protected":false},"excerpt":{"rendered":"<p>404 &#8211; endere\u00e7o n\u00e3o encontrado Uhm&#8230; parece que voc\u00ea est\u00e1 sem sorte&#8230; Mude essa mar\u00e9! V\u00e1 com<\/p>\n","protected":false},"author":1,"featured_media":0,"parent":0,"menu_order":0,"comment_status":"closed","ping_status":"closed","template":"elementor_header_footer","meta":{"_acf_changed":false,"footnotes":""},"class_list":["post-1612","page","type-page","status-publish","hentry"],"acf":[],"_links":{"self":[{"href":"http:\/\/www.editorafigas.com.br\/revista\/wp-json\/wp\/v2\/pages\/1612","targetHints":{"allow":["GET"]}}],"collection":[{"href":"http:\/\/www.editorafigas.com.br\/revista\/wp-json\/wp\/v2\/pages"}],"about":[{"href":"http:\/\/www.editorafigas.com.br\/revista\/wp-json\/wp\/v2\/types\/page"}],"author":[{"embeddable":true,"href":"http:\/\/www.editorafigas.com.br\/revista\/wp-json\/wp\/v2\/users\/1"}],"replies":[{"embeddable":true,"href":"http:\/\/www.editorafigas.com.br\/revista\/wp-json\/wp\/v2\/comments?post=1612"}],"version-history":[{"count":0,"href":"http:\/\/www.editorafigas.com.br\/revista\/wp-json\/wp\/v2\/pages\/1612\/revisions"}],"wp:attachment":[{"href":"http:\/\/www.editorafigas.com.br\/revista\/wp-json\/wp\/v2\/media?parent=1612"}],"curies":[{"name":"wp","href":"https:\/\/api.w.org\/{rel}","templated":true}]}}